se -2 = r*a + d, 5*a = -4*d - 12 + 4. Calculate q(a).
-2
Let d(k) be the second derivative of -k + 1/2*k**3 + 0 - k**2. Determine d(-2).
-8
Let z(q) = q**3 - q**2 + q + 4. Let i(x) = 2*x**2 - 16 + x**2 - 5*x**3 + 0*x - 4*x. Let r(t) = 2*i(t) + 9*z(t). Calculate r(-3).
1
Let s(w) = 3*w**2. Let v(x) = -x + 1. Suppose -t + 8 = 4. Suppose -t*d - h + 3 + 2 = 0, 5*d + 2*h = 4. Let o be v(d). What is s(o)?
3
Let d(t) = -t**2 - 5*t + 3. Suppose s - 3 = 3*l, -2*s = 3*s + 4*l + 42. What is d(s)?
-3
Let r(f) = -f**3 - 6*f**2 - 8*f + 5. Let a(d) = 6*d**3 + 31*d**2 + 41*d - 24. Let y(l) = 2*a(l) + 11*r(l). Give y(5).
2
Let g be 3/(2 + 4/(-8)). Let h(m) be the second derivative of 0 + 1/2*m**g + 3/2*m**3 - m. Give h(-1).
-8
Let x(r) = -2 - 2 + 4*r + 7 + 2*r + r**2. What is x(-6)?
3
Let s(t) = 11*t**2 - 3*t - 1. Let k(g) = g. Let c(n) = 4*k(n) + s(n). What is c(1)?
11
Suppose 0 = -4*d - 2*i + 20, 2*i = 3*d + 2 - 3. Let u(p) be the second derivative of 0 + 0*p**2 + 2*p - 1/2*p**d. Calculate u(-2).
6
Let h(x) = 2*x - 30. Let u be h(13). Let k(i) = -i**2 - 6*i - 4. What is k(u)?
4
Let i(o) be the first derivative of 1/2*o**2 + 2 + 2*o + 1/3*o**3. Let f = -38 + 35. Determine i(f).
8
Let n(t) be the first derivative of -t**4/4 + t**3/3 - 2*t + 1. Suppose 4*r = 3*r. Let p be n(r). Let a(b) = -b**3 - b**2 - 2*b - 3. What is a(p)?
5
Let u(m) = -m**2 + 8*m - 6. Let t be u(6). Let z(i) be the second derivative of -i**5/20 + 5*i**4/12 + 7*i**3/6 - 2*i**2 - 3*i - 10. Give z(t).
2
Let x = 6 - 5. Let s(g) = 3*g - 3 + 0 + x + 4. Determine s(2).
8
Let c(u) be the first derivative of u**4/8 + u**3 + u**2 + 4. Let o(h) be the second derivative of c(h). Let n = 8 - 13. Calculate o(n).
-9
Let i(a) = a**2 - 7*a + 4. Let h = 1 + -2. Let l be 3/((0 - -2) + h). Let j be (-5 + l)*5/(-2). Determine i(j).
-6
Let s(m) be the second derivative of -1/6*m**3 + 0 + m - 1/20*m**5 + 0*m**2 + 0*m**4. Give s(-1).
2
Let w be 45/(-27) - 4/3. Let o(l) = -l**3 - 4*l**2 - 4*l - 2. What is o(w)?
1
Suppose -1 = 3*v + 5. Let x(n) be the first derivative of 2*n**3/3 - 2*n - 2. What is x(v)?
6
Let h = 23 + -14. Let f(d) = -d + 13. Let b be f(h). Let n = b - -1. Let c(q) = -q**2 + 6*q - 4. Determine c(n).
1
Let s be (-9)/42*(1 - 71/36). Let h(b) be the third derivative of -1/120*b**6 + 0*b - 1/10*b**5 - b**2 - 2/3*b**3 - s*b**4 + 0. Calculate h(-5).
-4
Suppose -4 = r - 4*i, 5*i - 5 = -3*r + r. Let j(c) = 4*c**2 - c - 2. Let m(n) = -n**2 + 1. Let a(w) = -j(w) - 3*m(w). What is a(r)?
-1
Let a be (-210)/16 - 2/(-16). Let v(c) = 11*c**2 + 13*c - 15. Let l(z) = 5*z**2 + 6*z - 7. Let q(j) = a*l(j) + 6*v(j). What is q(-2)?
5
Suppose 0 = -5*d + 9*d + 3*l - 21, -2*d + 18 = 4*l. Let q(b) be the first derivative of 2*b + 3/2*b**2 - 1/3*b**d - 3. Calculate q(-2).
-8
Let i(l) be the first derivative of l**3/3 + 2*l**2 + 3*l + 1. Let d(k) = 6 - 4 + 2 - 2*k. Let t be d(3). Determine i(t).
-1
Let f(c) be the second derivative of c**7/630 - c**6/720 - c**5/120 - c**4/6 + 2*c. Let n(t) be the third derivative of f(t). Let l = -14 + 13. Give n(l).
4
Let s(v) = v + 1. Let a be (-11)/(-9) - 10/45. Suppose j + 3 = -a. Let h(w) = 5*w + 3. Let u(q) = j*s(q) + h(q). What is u(0)?
-1
Let p(l) be the first derivative of l**7/840 - l**6/60 + l**5/24 + l**4/6 - 4*l**3/3 + 4. Let h(o) be the third derivative of p(o). Determine h(4).
-8
Let o(y) = -y**2 - 10*y + 59. Let n be o(-14). Let j(x) = x**3 - 6*x**2 + 2*x - 4. Calculate j(n).
-25
Let t(c) = c**3 - 6*c**2 + c + 1. Let a be (2/(-6))/((-6)/108). Give t(a).
7
Let z = 10 - 4. Let f(q) = -2 - 7 + 24*q - q**2 - 8*q - 7*q. Determine f(z).
9
Let k(m) = 2*m - 2. Let c = 87 - 91. What is k(c)?
-10
Let d(j) = 9*j**2 - 6*j - 5. Let r(k) = 0*k**2 + 2*k + 2 - 4*k + 5*k - 4*k**2. Let b(f) = -2*d(f) - 5*r(f). What is b(2)?
2
Let r(p) = 0 + 2*p + 0*p**2 - 2*p**2 + p**3 + 2. Suppose 4*v - 37 = 2*j - j, 0 = v + 3*j + 7. Let z = 10 - v. Give r(z).
6
Let y(z) be the first derivative of -3/2*z**2 - 1/3*z**3 - z - 1. Let t be (15/(-10))/(1/2). Determine y(t).
-1
Let c(k) = 0*k + 4 - 2 + 8 + k. Let j(r) = -r**2 + 4*r - 6. Let u be j(4). What is c(u)?
4
Let x(n) be the third derivative of -n**4/8 + 15*n**2. Give x(5).
-15
Let m(k) = 7*k**2 - 3*k - 3. Let w(l) = -10*l**2 + 5*l + 5. Let b(v) = 7*m(v) + 5*w(v). Let c(x) = -3*x. Let s be c(-1). What is b(s)?
7
Let c(g) = -4*g + 23. Let i(a) = 2*a - 11. Let j(d) = 3*c(d) + 5*i(d). Calculate j(11).
-8
Let g(b) = -3*b + 2. Suppose 0 = 5*r + 5*a, -2*r + 2*a - 12 = -2*a. Calculate g(r).
8
Let y be (1/(-1))/(-1 - 0). Let o(w) = -w + y + 3*w - 3*w - 3. Determine o(5).
-7
Suppose -2 - 1 = -i. Let x(s) = s**i + s + 0 - 4 + 5 + 3*s**2. Suppose 0 = -3*z - 0*z - 9. Determine x(z).
-2
Let t(m) be the second derivative of -m**4/12 + m**3/3 + 3*m**2/2 - 6*m. Give t(-2).
-5
Suppose -3*g = -6 - 9. Let f(b) = b**2 - 3*b + 2. Give f(g).
12
Let v(o) = -2*o - 4. Let r be (-38)/(-14) + (-6)/(-21). Suppose -4 = -r*c + 8. Suppose 3 - 19 = c*q. What is v(q)?
4
Let p(s) = -1 + 3 - s - 9. Suppose 55*n - 78*n - 138 = 0. What is p(n)?
-1
Let a(h) = -4*h**2 - 2*h**2 + 1 + 5*h**2 - 2*h**3 + 0*h**2. Let b(m) = -1 - m**3 - 3*m**2 + 2*m**2 + 2. Let r(f) = 3*a(f) - 4*b(f). What is r(1)?
-2
Let g = -9 - -15. Suppose 2*b + 4*q = 6, -2*q = b - g*b - 33. Let o(i) be the first derivative of i**4/4 + 4*i**3/3 - 2*i**2 - 3*i - 2. What is o(b)?
-8
Let s(b) = -3 - b**2 + 2*b + 0*b**2 + 2*b**2. Determine s(-4).
5
Let r(t) = 2 + 98*t - 47*t - 47*t. Suppose -12 = -5*o + 3*o. Let u(d) = 5*d + 3. Let s(n) = o*r(n) - 5*u(n). Calculate s(3).
-6
Suppose 1 = 2*w - 5. Let s(p) = w*p - 5*p + 2 + 1 + 0. Calculate s(-4).
11
Let m = 20 + -20. Suppose -6*f + 4*n = -3*f - 32, m = f + 3*n + 11. Let b(t) = t**3 - 4*t**2 - 2*t + 5. Give b(f).
-3
Let s(n) be the third derivative of -n**6/120 - n**5/15 - 2*n**3/3 - 2*n**2. Let u = 10 - 8. Suppose 4*b + 22 = -u*j, 4*b + 0*j + 25 = -3*j. Determine s(b).
-4
Let o = -4 - -10. Let n = 8 - o. Let l(i) be the second derivative of -2*i**3/3 + i**2 - 4*i. Determine l(n).
-6
Let n(y) be the third derivative of -y**6/24 + y**5/60 - y**4/24 - y**2. Suppose -4*t + 60 = -4*k, 0*t + 3*k = t - 17. Let s = t - 13. Give n(s).
-5
Let c(f) be the third derivative of 0*f**4 + 0*f - 1/12*f**5 + 0 - 1/120*f**6 + 2*f**2 - 1/2*f**3. Give c(-5).
-3
Let y(j) be the second derivative of 0*j**3 - 1/2*j**2 + 1/20*j**5 + 1/12*j**4 + j + 0. Let r = -21 + 19. What is y(r)?
-5
Let a(x) = -8*x**3. Let p be (2 - 5) + (2 - -2). What is a(p)?
-8
Let n = 8 + -5. Suppose -m = -0 - n. Suppose a = 5*i - 17, -a - 14 = m*a - 2*i. Let d(s) = -2*s**3 - 2*s**2 + 2*s + 2. Determine d(a).
6
Let x(a) = -a**2 + 8*a - 11. Let g be x(6). Let r(w) = 6*w**2 - 2*w + 1. Determine r(g).
5
Let b(s) = s - 11. Let g(c) = 2*c - 13. Suppose 2*m - 13 = -n, 2*n + 0*m + m - 20 = 0. Let q be g(n). Calculate b(q).
-6
Let y(h) = -h**3 - 4*h**2 - 3*h + 1. Let z(o) = o**2 + 8*o - 2. Let v be z(-10). Suppose -v = -9*n + 6*n. Let c be (-9)/n*(-4)/(-2). What is y(c)?
1
Let m(c) = -c**2 + 7*c - 2. Let q(u) = -2*u**2 + 14*u - 4. Let s(d) = 5*m(d) - 2*q(d). Determine s(6).
4
Let m(s) = -s**3 + 6*s**2 - 6*s - 3. Let q be (-3)/7 + (-152)/(-28). What is m(q)?
-8
Let o(h) be the first derivative of -h**4/4 + 5*h**3/3 + 3*h**2/2 + 8*h - 3. Let n be o(6). Let q = n - -5. Let a(u) = u + 3. What is a(q)?
-2
Suppose 0 = -0*a + 2*a + 3*a. Let h(j) = -j + 9. Calculate h(a).
9
Let a(j) = -j**2 + 6*j + 4. Let c be ((-46)/(-10) - -1) + (-2)/(-5). What is a(c)?
4
Let v = -4 - -7. Let b = v - -3. Suppose -3*w = -b*w + 9. Let g(q) = -q**2 - q + 4. Determine g(w).
-8
Let g be (-6 + 0)*(-1)/2. Suppose -3*u + 2*u = -g. Let r(x) = 5*x + 1. Let d(s) = 3*s. Let a(q) = -7*d(q) + 4*r(q). Give a(u).
1
Let c be (2 - (-6)/(-3))/(-1). Let n(l) = l**2 + l + 4. What is n(c)?
4
Let w be (4/6)/((-18)/81). Let n(v) = v**2 - 2. What is n(w)?
7
Let v(c) = -c**3 - 3*c**2 - 4*c - 3. Let w be 4/6 + (-48)/18. Determine v(w).
1
Let g = 19 - 55/3. Let a(b) be the third derivative of -1/120*b**6 + 1/24*b**4 + 1/60*b**5 - 2*b**2 + 0 + g*b**3 + 0*b. What is a(0)?
4
Let v(l) = -l - 4*l**2 + 4 + l**3 + 3*l**2 + 4*l**2 + 0*l. Suppose 15 = -4*i + 3. Calculate v(i).
7
Let r(l) be the first derivative of 1/2*l**2 + 0*l - 5 + 0*l**3 - 13/4*l**4. Calculate r(-1).
12
Let n(b) = -2*b**3 + 10*b*